{"id":2,"date":"2024-12-28T12:26:12","date_gmt":"2024-12-28T12:26:12","guid":{"rendered":"https:\/\/3s-enerji.com\/?page_id=2"},"modified":"2024-12-28T12:39:29","modified_gmt":"2024-12-28T12:39:29","slug":"info-page","status":"publish","type":"page","link":"https:\/\/3s-enerji.com\/index.php\/info-page\/","title":{"rendered":"Hakk\u0131m\u0131zda"},"content":{"rendered":"\n<p><\/p>\n\n\n\n<blockquote class=\"wp-block-quote is-layout-flow wp-block-quote-is-layout-flow\">\n<p>Ups Bak\u0131m Onar\u0131m Bizim \u0130\u015fimiz<br>0 532 447 13 98<\/p>\n<\/blockquote>\n\n\n\n<p>&#8230;or something like this:<\/p>\n\n\n\n<blockquote class=\"wp-block-quote is-layout-flow wp-block-quote-is-layout-flow\">\n<p>The XYZ Doohickey Company was founded in 1971, and has been providing quality doohickeys to the public ever since. Located in Gotham City, XYZ employs over 2,000 people and does all kinds of awesome things for the Gotham community.<\/p>\n<\/blockquote>\n\n\n\n<p>As a new WordPress user, you should go to <a href=\"https:\/\/3s-enerji.com\/wp-admin\/\">your dashboard<\/a> to delete this page and create new pages for your content. Have fun!<\/p>\n","protected":false},"excerpt":{"rendered":"<p>Ups Bak\u0131m Onar\u0131m Bizim \u0130\u015fimiz0 532 447 13 98 &#8230;or something like this: The XYZ Doohickey Company was founded in 1971, and has been providing quality doohickeys to the public ever since. Located in Gotham City, XYZ employs over 2,000 people and does all kinds of awesome things for the Gotham community. As a new [&hellip;]<\/p>\n","protected":false},"author":1,"featured_media":0,"parent":0,"menu_order":0,"comment_status":"closed","ping_status":"closed","template":"","meta":{"footnotes":""},"class_list":["post-2","page","type-page","status-publish","hentry"],"yoast_head":"<!-- This site is optimized with the Yoast SEO plugin v24.1 - https:\/\/yoast.com\/wordpress\/plugins\/seo\/ -->\n<title>Hakk\u0131m\u0131zda - Ups D\u00fcnyas\u0131 - 3S Enerji<\/title>\n<meta name=\"robots\" content=\"index, follow, max-snippet:-1, max-image-preview:large, max-video-preview:-1\" \/>\n<link rel=\"canonical\" href=\"https:\/\/3s-enerji.com\/index.php\/info-page\/\" \/>\n<meta property=\"og:locale\" content=\"tr_TR\" \/>\n<meta property=\"og:type\" content=\"article\" \/>\n<meta property=\"og:title\" content=\"Hakk\u0131m\u0131zda - Ups D\u00fcnyas\u0131 - 3S Enerji\" \/>\n<meta property=\"og:description\" content=\"Ups Bak\u0131m Onar\u0131m Bizim \u0130\u015fimiz0 532 447 13 98 &#8230;or something like this: The XYZ Doohickey Company was founded in 1971, and has been providing quality doohickeys to the public ever since. Located in Gotham City, XYZ employs over 2,000 people and does all kinds of awesome things for the Gotham community. As a new [&hellip;]\" \/>\n<meta property=\"og:url\" content=\"https:\/\/3s-enerji.com\/index.php\/info-page\/\" \/>\n<meta property=\"og:site_name\" content=\"Ups D\u00fcnyas\u0131 - 3S Enerji\" \/>\n<meta property=\"article:modified_time\" content=\"2024-12-28T12:39:29+00:00\" \/>\n<meta name=\"twitter:card\" content=\"summary_large_image\" \/>\n<meta name=\"twitter:label1\" content=\"Tahmini okuma s\u00fcresi\" \/>\n\t<meta name=\"twitter:data1\" content=\"1 dakika\" \/>\n<script type=\"application\/ld+json\" class=\"yoast-schema-graph\">{\"@context\":\"https:\/\/schema.org\",\"@graph\":[{\"@type\":\"WebPage\",\"@id\":\"https:\/\/3s-enerji.com\/index.php\/info-page\/\",\"url\":\"https:\/\/3s-enerji.com\/index.php\/info-page\/\",\"name\":\"Hakk\u0131m\u0131zda - Ups D\u00fcnyas\u0131 - 3S Enerji\",\"isPartOf\":{\"@id\":\"https:\/\/3s-enerji.com\/#website\"},\"datePublished\":\"2024-12-28T12:26:12+00:00\",\"dateModified\":\"2024-12-28T12:39:29+00:00\",\"breadcrumb\":{\"@id\":\"https:\/\/3s-enerji.com\/index.php\/info-page\/#breadcrumb\"},\"inLanguage\":\"tr\",\"potentialAction\":[{\"@type\":\"ReadAction\",\"target\":[\"https:\/\/3s-enerji.com\/index.php\/info-page\/\"]}]},{\"@type\":\"BreadcrumbList\",\"@id\":\"https:\/\/3s-enerji.com\/index.php\/info-page\/#breadcrumb\",\"itemListElement\":[{\"@type\":\"ListItem\",\"position\":1,\"name\":\"Anasayfa\",\"item\":\"https:\/\/3s-enerji.com\/\"},{\"@type\":\"ListItem\",\"position\":2,\"name\":\"Hakk\u0131m\u0131zda\"}]},{\"@type\":\"WebSite\",\"@id\":\"https:\/\/3s-enerji.com\/#website\",\"url\":\"https:\/\/3s-enerji.com\/\",\"name\":\"Ups D\u00fcnyas\u0131 - 3S Enerji\",\"description\":\"\",\"potentialAction\":[{\"@type\":\"SearchAction\",\"target\":{\"@type\":\"EntryPoint\",\"urlTemplate\":\"https:\/\/3s-enerji.com\/?s={search_term_string}\"},\"query-input\":{\"@type\":\"PropertyValueSpecification\",\"valueRequired\":true,\"valueName\":\"search_term_string\"}}],\"inLanguage\":\"tr\"}]}<\/script>\n<!-- \/ Yoast SEO plugin. -->","yoast_head_json":{"title":"Hakk\u0131m\u0131zda - Ups D\u00fcnyas\u0131 - 3S Enerji","robots":{"index":"index","follow":"follow","max-snippet":"max-snippet:-1","max-image-preview":"max-image-preview:large","max-video-preview":"max-video-preview:-1"},"canonical":"https:\/\/3s-enerji.com\/index.php\/info-page\/","og_locale":"tr_TR","og_type":"article","og_title":"Hakk\u0131m\u0131zda - Ups D\u00fcnyas\u0131 - 3S Enerji","og_description":"Ups Bak\u0131m Onar\u0131m Bizim \u0130\u015fimiz0 532 447 13 98 &#8230;or something like this: The XYZ Doohickey Company was founded in 1971, and has been providing quality doohickeys to the public ever since. Located in Gotham City, XYZ employs over 2,000 people and does all kinds of awesome things for the Gotham community. As a new [&hellip;]","og_url":"https:\/\/3s-enerji.com\/index.php\/info-page\/","og_site_name":"Ups D\u00fcnyas\u0131 - 3S Enerji","article_modified_time":"2024-12-28T12:39:29+00:00","twitter_card":"summary_large_image","twitter_misc":{"Tahmini okuma s\u00fcresi":"1 dakika"},"schema":{"@context":"https:\/\/schema.org","@graph":[{"@type":"WebPage","@id":"https:\/\/3s-enerji.com\/index.php\/info-page\/","url":"https:\/\/3s-enerji.com\/index.php\/info-page\/","name":"Hakk\u0131m\u0131zda - Ups D\u00fcnyas\u0131 - 3S Enerji","isPartOf":{"@id":"https:\/\/3s-enerji.com\/#website"},"datePublished":"2024-12-28T12:26:12+00:00","dateModified":"2024-12-28T12:39:29+00:00","breadcrumb":{"@id":"https:\/\/3s-enerji.com\/index.php\/info-page\/#breadcrumb"},"inLanguage":"tr","potentialAction":[{"@type":"ReadAction","target":["https:\/\/3s-enerji.com\/index.php\/info-page\/"]}]},{"@type":"BreadcrumbList","@id":"https:\/\/3s-enerji.com\/index.php\/info-page\/#breadcrumb","itemListElement":[{"@type":"ListItem","position":1,"name":"Anasayfa","item":"https:\/\/3s-enerji.com\/"},{"@type":"ListItem","position":2,"name":"Hakk\u0131m\u0131zda"}]},{"@type":"WebSite","@id":"https:\/\/3s-enerji.com\/#website","url":"https:\/\/3s-enerji.com\/","name":"Ups D\u00fcnyas\u0131 - 3S Enerji","description":"","potentialAction":[{"@type":"SearchAction","target":{"@type":"EntryPoint","urlTemplate":"https:\/\/3s-enerji.com\/?s={search_term_string}"},"query-input":{"@type":"PropertyValueSpecification","valueRequired":true,"valueName":"search_term_string"}}],"inLanguage":"tr"}]}},"_links":{"self":[{"href":"https:\/\/3s-enerji.com\/index.php\/wp-json\/wp\/v2\/pages\/2","targetHints":{"allow":["GET"]}}],"collection":[{"href":"https:\/\/3s-enerji.com\/index.php\/wp-json\/wp\/v2\/pages"}],"about":[{"href":"https:\/\/3s-enerji.com\/index.php\/wp-json\/wp\/v2\/types\/page"}],"author":[{"embeddable":true,"href":"https:\/\/3s-enerji.com\/index.php\/wp-json\/wp\/v2\/users\/1"}],"replies":[{"embeddable":true,"href":"https:\/\/3s-enerji.com\/index.php\/wp-json\/wp\/v2\/comments?post=2"}],"version-history":[{"count":2,"href":"https:\/\/3s-enerji.com\/index.php\/wp-json\/wp\/v2\/pages\/2\/revisions"}],"predecessor-version":[{"id":10,"href":"https:\/\/3s-enerji.com\/index.php\/wp-json\/wp\/v2\/pages\/2\/revisions\/10"}],"wp:attachment":[{"href":"https:\/\/3s-enerji.com\/index.php\/wp-json\/wp\/v2\/media?parent=2"}],"curies":[{"name":"wp","href":"https:\/\/api.w.org\/{rel}","templated":true}]}}